ne k(j).
-5
Let b(p) = -p**3 + 6*p**2 + 4*p + 5. Let u(x) = -x + 2. Let n = 20 + -19. Let k(v) = n*b(v) - 2*u(v). Suppose -7 = -4*y + 21. Determine k(y).
-6
Let g(u) = -3*u + 3*u**3 - 4*u**3 + 2*u - 8 + 6*u**2 + 2*u. Let p(v) = -6 - 3*v + 0*v**2 + 6*v - v**2 + 4*v. Let z be p(4). Determine g(z).
-2
Let r(d) = 28*d + 29. Let y(c) = 5*c - 1. Let x(m) = -r(m) + 6*y(m). Calculate x(16).
-3
Let g(b) be the first derivative of b**2/2 + 6*b - 1474. Suppose 2*p = -3*p - 25. Determine g(p).
1
Let v(f) = f**2 - 7*f - 1. Suppose -k = k. Let m = 7 + k. Determine v(m).
-1
Let k(v) = -6*v + 6*v**2 - 4*v**2 + 21 - 3*v**2 - 23. Give k(-6).
-2
Let n = 21 + -26. Let p(i) = -i**3 - 4*i**2 + 5*i - 2. Let x be p(n). Let b be (-9)/6*(-4)/x. Let t(d) = 3*d - 2. What is t(b)?
-11
Let l(o) = -2*o**3 + 3*o**2. Let x be 2 - (-3)/((-4)/(-36)*3). Let h = 18 - 9. Let g = x - h. Determine l(g).
-4
Let w(o) = -o + 16. Let m(s) = s - 18. Let y(z) = 4*m(z) + 5*w(z). Let n be 3*(2 - (-4)/(-3)). Suppose -15 = -n*r - r + 3*f, -3*f = 3*r + 15. Give y(r).
8
Let y(l) = -l**3 + 5*l**2 + 4*l - 8. Suppose 0 = -100*h + 101*h - 6. Calculate y(h).
-20
Let d(z) = -z - 23. Suppose -4*x + 13 = -c - 5*x, -3*x - 71 = 5*c. Give d(c).
-7
Let h be (-3)/(9/4)*3. Let g(w) = -5*w**2 - 3*w + 9. Suppose 17 = -n + 14. Let s(a) = 4*a**2 + 3*a - 8. Let c(p) = h*s(p) + n*g(p). Calculate c(-5).
-5
Suppose -p + 3*p + 8 = 0. Let d(a) = 5*a**2 + 4*a + 8. Let g(k) = 4*k**2 + 3*k + 7. Let o = -45 + 51. Let s(v) = o*g(v) - 5*d(v). Calculate s(p).
-6
Let h be -9 + 2 + 3 + (-3 - 0). Let r(g) = g - 3. Give r(h).
-10
Let x(j) = -2*j**2 + 2*j**3 - 6 - 3*j**3 - 6*j**2 - 8*j. Suppose 3*c + 9 = -5*p - 7, 0 = 5*c + 4*p + 5. Suppose 0*s + 21 = -c*s. Determine x(s).
1
Let n be (-2 + 1)*5 + 5. Let u(j) = j**3 - j**2 - j + 6. Calculate u(n).
6
Let t(o) = -17 + 23 + 15*o - 4*o + o**2 - 3. Give t(-9).
-15
Let s be (-1025)/150 + (-4 - -6 - -5). Let z(l) be the second derivative of -2*l + s*l**3 + 0*l**2 + 0. Calculate z(6).
6
Suppose -5*h - 3 = -2*x + 18, -h + 1 = -3*x. Let o(n) = 2*n + 3*n**2 - 29 + 56 - 2*n**2 - 33. Give o(h).
9
Let h(p) be the first derivative of -p**4/4 + 2*p**3 + 4*p - 205. Give h(5).
29
Let h(c) = 7*c**2 + 54*c - 19. Let q(s) = 4*s**2 + 30*s - 9. Let a(m) = 3*h(m) - 5*q(m). Determine a(-13).
1
Let y(j) = -j**2 - 4*j + 3. Suppose -4*m - 26 = -o, 2*m + 56 - 16 = 5*o. Suppose 4*x = o*x. Let u be (-9 - -4)/(1 - x). What is y(u)?
-2
Let p(a) = -a**3 - 8. Suppose -6*d + 37 = 43. Let q be (-4)/3 - d*4/3. Calculate p(q).
-8
Suppose 4*a - 15 = -a. Suppose -5*q - 4*f = 111, 3*f - 6 = -a*q - 75. Let n = 12 + q. Let y(u) = u**2 + 8*u + 2. Determine y(n).
-5
Let z(q) = -2*q + 13. Let c(l) = l**2 - 4*l - 10. Let w be c(8). Suppose -5*v - 2*r + 3*r = -26, v + 4*r = w. Let p be z(v). Let x(b) = -b. Give x(p).
-1
Suppose -o - 27 = -4*o. Let r(h) = 15*h - 5*h - h**2 + 4 - o*h. Let q be r(3). Let l(x) = -x**2 + 4*x + 3. Give l(q).
-9
Let m(q) = -q - 12. Let y be -5 + 71 - 6 - (-2)/(-2). Let w = -68 + y. What is m(w)?
-3
Let x(a) be the second derivative of -2*a - 1/3*a**3 - 3/2*a**2 - 1. Calculate x(-5).
7
Let x(k) = k**3 - 5*k**2 + k - 6. Let p(o) = o**3 - 7*o**2 + o - 7. Let f(q) = 5*p(q) - 6*x(q). Suppose 5*c - 2*c = -12. What is f(c)?
-11
Suppose -3*f - 30 = 5*q, 6*f - f + 50 = q. Let j(x) = 10*x + x**2 - 10 - 13 + 18. What is j(f)?
-5
Suppose -2*b = 5*c + 64, 16 = -2*c - 0*c + 4*b. Let h(v) = v**2 + 13*v + 16. Give h(c).
4
Let x(b) be the second derivative of -1/2*b**3 - 31*b + 1/2*b**2 + 0. Give x(2).
-5
Let r(v) = 2*v + 13. Let q be r(-7). Let l(m) be the first derivative of 3*m**4/4 + m**2 + m + 15. Calculate l(q).
-4
Let h(f) = -4876*f**2 - 5*f + 4870*f**2 - f**3 + 10 + 14*f. Suppose 2*r = 5*r + 21. What is h(r)?
-4
Let c = -6 + 28. Let r(h) = 4*h**3 - 3 - 5*h**3 + c*h - 23*h - 6*h**2. What is r(-6)?
3
Let b(q) = 11*q**2 + 2*q + 1. Let f = -245 + 369. Let w = f + -125. Determine b(w).
10
Let p(m) = 3*m - m**3 + 3401*m**2 - 3401*m**2 + 5. What is p(-2)?
7
Suppose -3*y = -y + 8. Let z(q) be the first derivative of q**2 + 3*q - 40. Give z(y).
-5
Suppose 0 = a - 2 - 2. Suppose -2*w + a*w - 6 = 0. Let l(c) = c - 25 + 24 - c - 3*c**w. Determine l(1).
-4
Suppose -r - 16 = -5*r. Let v = -2 + 3. Let a(w) = 1. Let c(i) = i + 1. Let h(p) = v*c(p) - 2*a(p). What is h(r)?
3
Let n(f) be the second derivative of -f**5/20 - 2*f**4/3 - 7*f**3/6 - 3*f**2/2 - f. Let d(b) = -2*b - 41. Let s be d(-17). Calculate n(s).
-3
Let h(q) = -4 + 2*q**2 - q + 2*q**2 - 3*q**2 + 3*q. Determine h(-3).
-1
Let v(t) be the third derivative of t**6/120 + t**5/12 + t**4/12 - 7*t**3/6 - 180*t**2. What is v(-4)?
1
Let n = -8 - -13. Suppose -4*f + n*d - 42 = 0, d = 5*f - 0*d + 42. Let a(p) = -p - 8. Determine a(f).
0
Let f(m) = -2*m**2 - 25*m + 25. Let u be f(1). Let i(o) = o - 16 - 2*o + 2*o - 3*o**2. Let x(a) = a**2 + 5. Let w(z) = 2*i(z) + 7*x(z). Calculate w(u).
3
Let c(r) be the third derivative of 1/6*r**3 + 0 + 5*r**2 + 1/6*r**4 - 1/30*r**5 + 0*r. Let g(d) = 2*d - 4. Let q be g(4). Calculate c(q).
-15
Let h(d) = d - 6. Let l(g) = -9*g + 148. Let a be l(16). Determine h(a).
-2
Let x(n) = 5*n**2 + 4*n + 3. Let w(j) = -11*j**2 - 8*j - 5. Let m(y) = -4*w(y) - 9*x(y). Suppose 456*c - 461*c = 25. Calculate m(c).
-12
Let a(g) = 2*g**2 + 4*g + 2. Let t(v) = 3*v - 36. Let j be t(10). Determine a(j).
50
Let c = 231 + -233. Let u(t) = -t - 6. Determine u(c).
-4
Let z(t) = -3*t**2 - 1. Let d be 0 + (15/5 - 1). Suppose d*a + c = -0*c + 6, 0 = -2*a + 5*c - 6. Calculate z(a).
-13
Let a(m) = m + 7. Suppose -2*u = -4*l - 19 + 7, 4*u + 4*l = 12. Suppose -3*n = -o + 2*o + 34, -5*n - u*o = 66. Determine a(n).
-3
Suppose -4*t = -2*t + 2*r - 18, 2*t = 3*r - 2. Let y = 10 + -3. Let g(i) = -7 - 4*i - y*i + i**2 + 8*i. What is g(t)?
3
Let g(c) = 53*c**3 - 112*c**3 - c + 66*c**3. Suppose -3*u = 2*u. Suppose -o - 3 = 5*n, u + 1 = n + o. Calculate g(n).
-6
Let a(z) = 42*z**2 + 6*z + 2. Let o(y) = 85*y**2 + 10*y + 3. Let r(w) = 5*a(w) - 3*o(w). What is r(1)?
-44
Let f(w) = -w**3 + 3*w**2 - w. Let n be f(2). Let x(t) = -3*t - 7 + 10 - 45*t**2 + 42*t**2. What is x(n)?
-15
Let p(u) be the second derivative of -u**5/20 + 5*u**4/12 + u**3/6 - 3*u**2/2 + 30*u. What is p(4)?
17
Let g = 30 + -32. Let x be 1/(1 + g)*-1. Let f(l) be the first derivative of l**4/2 + l**3/3 - l**2/2 + 10. What is f(x)?
2
Let c(x) = 4*x**3 - 2*x**2 + 4*x. Let f(p) = -11*p**3 + 5*p**2 - 11*p - 1. Let b(d) = -8*c(d) - 3*f(d). Calculate b(0).
3
Let f(r) = r**3 - r**2 - r - 16. Let i = -163 - -163. Calculate f(i).
-16
Suppose 3*b - 3*k = -b + 21, -b = -5*k - 1. Let p(t) = t**3 - 7*t**2 + 4*t + 2. Let v(a) = -a**3 + 7*a**2 - 3*a. Let f(q) = 3*p(q) + 2*v(q). What is f(b)?
6
Let g(d) = d**3 + 16*d**2 + 9. Let f(p) = -p**3 - 9*p**2 + 8*p - 36. Let n be f(-10). What is g(n)?
9
Let u(j) = -109*j**3 + 6 - 14*j + 110*j**3 - 14*j**2 - 20. Give u(15).
1
Let k = 2 + -1. Let h = -6 - k. Let g(q) = 2*q**3 + 13*q**2 - 9*q + 1. Let p(t) = t**3 + 7*t**2 - 5*t. Let y(x) = h*p(x) + 4*g(x). Determine y(-4).
-8
Suppose 3*l - 3*v = 33, -2*v - 31 = -l + 3*v. Suppose l*t - 10*t = -16. Let j(r) = r - 3. Determine j(t).
1
Let k = 6 - 4. Suppose -t = t - 6, -5*t + 3 = -k*p. Let z(i) = p*i - 2*i - 6 - 3*i. What is z(7)?
1
Let l(y) be the first derivative of -7*y - 1/2*y**2 - 1. Calculate l(-6).
-1
Let m(h) = -3*h - 14. Let l(c) = -c - 5. Let n(b) = -11*l(b) + 4*m(b). Let z be 112/52 - 2/13. Determine n(z).
-3
Let q = -1945 + 1945. Let l(v) = v + 10. Determine l(q).
10
Let q(l) = -l**2 - 10*l - 2. Suppose -11*r + 18*r + 1113 = 0. Let y = r + 150. Give q(y).
7
Let a(n) = n - 4. Let f(j) = -j + 4. Let r(q) = -3*a(q) - 4*f(q). Let d(h) = h**3 + 39*h**2 + 337*h - 2. Let x be d(-13). Give r(x).
7
Let g(v) = v - 4. Let j be g(6). Let u = 14 + -11. Let i(s) = -s**u - 2*s + 4*s + 0*s - 1 - 2*s**2. Give i(j).
-13
Let v(b) = b**3 + 9*b**2 + 5. Let a be v(-9). Suppose -a*q + 26 = -4*q. Let l be q/(-3) + 20/30. Let o(m) = m**3 + 9*m**2 + 8*m + 9. Calculate o(l).
9
Let o = 375 + -369. Let c(v) = -v - 6. Determine c(o).
-12
Suppose -5*h + 6 = -c - 5, 0 = 4*c + 4. Let b(d) be the first derivative of -d**4/2 + d**3 - 3*d**2/2 + d + 13. Calculate b(h).
-9
Let h(g) = -g**3 - 3*g**2 + 2*g - 2. Let v = 46 - 29. Suppose f - v = -14. Suppose 0 = f*y + 13 